{"id":48,"date":"2023-04-03T10:47:31","date_gmt":"2023-04-03T10:47:31","guid":{"rendered":"https:\/\/valencianmusicoffice.com\/anuario\/?page_id=48"},"modified":"2026-01-21T11:35:27","modified_gmt":"2026-01-21T11:35:27","slug":"anuario","status":"publish","type":"page","link":"https:\/\/valencianmusicoffice.com\/anuario\/","title":{"rendered":"anuario"},"content":{"rendered":"\t\t<div data-elementor-type=\"wp-page\" data-elementor-id=\"48\" class=\"elementor elementor-48\">\n\t\t\t\t\t\t\t\t\t<section class=\"elementor-section elementor-top-section elementor-element elementor-element-4ff31d5 elementor-section-boxed elementor-section-height-default elementor-section-height-default\" data-id=\"4ff31d5\" data-element_type=\"section\" data-settings=\"{&quot;background_background&quot;:&quot;classic&quot;}\">\n\t\t\t\t\t\t<div class=\"elementor-container elementor-column-gap-default\">\n\t\t\t\t\t<div class=\"elementor-column elementor-col-100 elementor-top-column elementor-element elementor-element-b167690\" data-id=\"b167690\" data-element_type=\"column\">\n\t\t\t<div class=\"elementor-widget-wrap elementor-element-populated\">\n\t\t\t\t\t\t\t\t<div class=\"elementor-element elementor-element-1ec34bc elementor-widget elementor-widget-spacer\" data-id=\"1ec34bc\" data-element_type=\"widget\" data-widget_type=\"spacer.default\">\n\t\t\t\t<div class=\"elementor-widget-container\">\n\t\t\t<style>\/*! elementor - v3.12.1 - 02-04-2023 *\/\n.elementor-column .elementor-spacer-inner{height:var(--spacer-size)}.e-con{--container-widget-width:100%}.e-con-inner>.elementor-widget-spacer,.e-con>.elementor-widget-spacer{width:var(--container-widget-width,var(--spacer-size));--align-self:var(--container-widget-align-self,initial);--flex-shrink:0}.e-con-inner>.elementor-widget-spacer>.elementor-widget-container,.e-con-inner>.elementor-widget-spacer>.elementor-widget-container>.elementor-spacer,.e-con>.elementor-widget-spacer>.elementor-widget-container,.e-con>.elementor-widget-spacer>.elementor-widget-container>.elementor-spacer{height:100%}.e-con-inner>.elementor-widget-spacer>.elementor-widget-container>.elementor-spacer>.elementor-spacer-inner,.e-con>.elementor-widget-spacer>.elementor-widget-container>.elementor-spacer>.elementor-spacer-inner{height:var(--container-widget-height,var(--spacer-size))}<\/style>\t\t<div class=\"elementor-spacer\">\n\t\t\t<div class=\"elementor-spacer-inner\"><\/div>\n\t\t<\/div>\n\t\t\t\t<\/div>\n\t\t\t\t<\/div>\n\t\t\t\t<div class=\"elementor-element elementor-element-2531c11 elementor-widget elementor-widget-heading\" data-id=\"2531c11\" data-element_type=\"widget\" data-widget_type=\"heading.default\">\n\t\t\t\t<div class=\"elementor-widget-container\">\n\t\t\t<style>\/*! elementor - v3.12.1 - 02-04-2023 *\/\n.elementor-heading-title{padding:0;margin:0;line-height:1}.elementor-widget-heading .elementor-heading-title[class*=elementor-size-]>a{color:inherit;font-size:inherit;line-height:inherit}.elementor-widget-heading .elementor-heading-title.elementor-size-small{font-size:15px}.elementor-widget-heading .elementor-heading-title.elementor-size-medium{font-size:19px}.elementor-widget-heading .elementor-heading-title.elementor-size-large{font-size:29px}.elementor-widget-heading .elementor-heading-title.elementor-size-xl{font-size:39px}.elementor-widget-heading .elementor-heading-title.elementor-size-xxl{font-size:59px}<\/style><h2 class=\"elementor-heading-title elementor-size-default\">L'Institut Valenci\u00e0 de Cutura i la Federaci\u00f3 Valenciana de la Ind\u00fastria Musical (Fevim) creen l'Anuari de la M\u00fasica Valenciana, un anuari que recull les principals dades de la ind\u00fastria musical i que naix com a resposta a la manca d\u2019un corpus estad\u00edstic propi que permeta con\u00e9ixer en profunditat la situaci\u00f3 del sector i estructurar estrat\u00e8gies de desenvolupament.<\/h2>\t\t<\/div>\n\t\t\t\t<\/div>\n\t\t\t\t<div class=\"elementor-element elementor-element-71b9129 elementor-widget elementor-widget-spacer\" data-id=\"71b9129\" data-element_type=\"widget\" data-widget_type=\"spacer.default\">\n\t\t\t\t<div class=\"elementor-widget-container\">\n\t\t\t\t\t<div class=\"elementor-spacer\">\n\t\t\t<div class=\"elementor-spacer-inner\"><\/div>\n\t\t<\/div>\n\t\t\t\t<\/div>\n\t\t\t\t<\/div>\n\t\t\t\t\t<\/div>\n\t\t<\/div>\n\t\t\t\t\t\t\t<\/div>\n\t\t<\/section>\n\t\t\t\t<section class=\"elementor-section elementor-top-section elementor-element elementor-element-c328a39 elementor-section-boxed elementor-section-height-default elementor-section-height-default\" data-id=\"c328a39\" data-element_type=\"section\" data-settings=\"{&quot;background_background&quot;:&quot;classic&quot;}\">\n\t\t\t\t\t\t<div class=\"elementor-container elementor-column-gap-default\">\n\t\t\t\t\t<div class=\"elementor-column elementor-col-50 elementor-top-column elementor-element elementor-element-c3d842d\" data-id=\"c3d842d\" data-element_type=\"column\">\n\t\t\t<div class=\"elementor-widget-wrap elementor-element-populated\">\n\t\t\t\t\t\t\t\t<div class=\"elementor-element elementor-element-53b6fa6 elementor-widget elementor-widget-image\" data-id=\"53b6fa6\" data-element_type=\"widget\" data-widget_type=\"image.default\">\n\t\t\t\t<div class=\"elementor-widget-container\">\n\t\t\t<style>\/*! elementor - v3.12.1 - 02-04-2023 *\/\n.elementor-widget-image{text-align:center}.elementor-widget-image a{display:inline-block}.elementor-widget-image a img[src$=\".svg\"]{width:48px}.elementor-widget-image img{vertical-align:middle;display:inline-block}<\/style>\t\t\t\t\t\t\t\t\t\t\t\t\t<a href=\"https:\/\/valencianmusicoffice.com\/anuario\/wp-content\/uploads\/2026\/01\/AnuarioVAMDigital_2025.pdf\" target=\"_blank\">\n\t\t\t\t\t\t\t<img loading=\"lazy\" decoding=\"async\" width=\"1932\" height=\"2560\" src=\"https:\/\/valencianmusicoffice.com\/anuario\/wp-content\/uploads\/2026\/01\/ANUARIO-2025-scaled.jpg\" class=\"attachment-full size-full wp-image-551\" alt=\"\" srcset=\"https:\/\/valencianmusicoffice.com\/anuario\/wp-content\/uploads\/2026\/01\/ANUARIO-2025-scaled.jpg 1932w, https:\/\/valencianmusicoffice.com\/anuario\/wp-content\/uploads\/2026\/01\/ANUARIO-2025-226x300.jpg 226w, https:\/\/valencianmusicoffice.com\/anuario\/wp-content\/uploads\/2026\/01\/ANUARIO-2025-773x1024.jpg 773w, https:\/\/valencianmusicoffice.com\/anuario\/wp-content\/uploads\/2026\/01\/ANUARIO-2025-768x1018.jpg 768w, https:\/\/valencianmusicoffice.com\/anuario\/wp-content\/uploads\/2026\/01\/ANUARIO-2025-1159x1536.jpg 1159w, https:\/\/valencianmusicoffice.com\/anuario\/wp-content\/uploads\/2026\/01\/ANUARIO-2025-1545x2048.jpg 1545w, https:\/\/valencianmusicoffice.com\/anuario\/wp-content\/uploads\/2026\/01\/ANUARIO-2025-604x800.jpg 604w\" sizes=\"auto, (max-width: 1932px) 100vw, 1932px\" \/>\t\t\t\t\t\t\t\t<\/a>\n\t\t\t\t\t\t\t\t\t\t\t\t\t\t\t<\/div>\n\t\t\t\t<\/div>\n\t\t\t\t<div class=\"elementor-element elementor-element-919b620 elementor-widget elementor-widget-heading\" data-id=\"919b620\" data-element_type=\"widget\" data-widget_type=\"heading.default\">\n\t\t\t\t<div class=\"elementor-widget-container\">\n\t\t\t<h2 class=\"elementor-heading-title elementor-size-default\">Anuario 2025 de la M\u00fasica en la Comunitat Valenciana<\/h2>\t\t<\/div>\n\t\t\t\t<\/div>\n\t\t\t\t<div class=\"elementor-element elementor-element-03b59d8 elementor-align-center elementor-widget elementor-widget-button\" data-id=\"03b59d8\" data-element_type=\"widget\" data-widget_type=\"button.default\">\n\t\t\t\t<div class=\"elementor-widget-container\">\n\t\t\t\t\t<div class=\"elementor-button-wrapper\">\n\t\t\t<a href=\"https:\/\/valencianmusicoffice.com\/anuario\/wp-content\/uploads\/2026\/01\/AnuarioVAMDigital_2025.pdf\" target=\"_blank\" class=\"elementor-button-link elementor-button elementor-size-xs\" role=\"button\">\n\t\t\t\t\t\t<span class=\"elementor-button-content-wrapper\">\n\t\t\t\t\t\t<span class=\"elementor-button-text\">DESC\u00c0RREGA<\/span>\n\t\t<\/span>\n\t\t\t\t\t<\/a>\n\t\t<\/div>\n\t\t\t\t<\/div>\n\t\t\t\t<\/div>\n\t\t\t\t\t<\/div>\n\t\t<\/div>\n\t\t\t\t<div class=\"elementor-column elementor-col-50 elementor-top-column elementor-element elementor-element-4a5369e\" data-id=\"4a5369e\" data-element_type=\"column\">\n\t\t\t<div class=\"elementor-widget-wrap elementor-element-populated\">\n\t\t\t\t\t\t\t\t<div class=\"elementor-element elementor-element-618877d elementor-widget elementor-widget-image\" data-id=\"618877d\" data-element_type=\"widget\" data-widget_type=\"image.default\">\n\t\t\t\t<div class=\"elementor-widget-container\">\n\t\t\t\t\t\t\t\t\t\t\t\t\t\t\t\t<a href=\"https:\/\/valencianmusicoffice.com\/anuario\/wp-content\/uploads\/2024\/07\/Anuario2024_CAS_web.pdf\" target=\"_blank\">\n\t\t\t\t\t\t\t<img loading=\"lazy\" decoding=\"async\" width=\"1932\" height=\"2560\" src=\"https:\/\/valencianmusicoffice.com\/anuario\/wp-content\/uploads\/2024\/07\/Anuario2024_CAS_web-1-1-scaled.jpg\" class=\"attachment-full size-full wp-image-540\" alt=\"\" srcset=\"https:\/\/valencianmusicoffice.com\/anuario\/wp-content\/uploads\/2024\/07\/Anuario2024_CAS_web-1-1-scaled.jpg 1932w, https:\/\/valencianmusicoffice.com\/anuario\/wp-content\/uploads\/2024\/07\/Anuario2024_CAS_web-1-1-226x300.jpg 226w, https:\/\/valencianmusicoffice.com\/anuario\/wp-content\/uploads\/2024\/07\/Anuario2024_CAS_web-1-1-773x1024.jpg 773w, https:\/\/valencianmusicoffice.com\/anuario\/wp-content\/uploads\/2024\/07\/Anuario2024_CAS_web-1-1-768x1018.jpg 768w, https:\/\/valencianmusicoffice.com\/anuario\/wp-content\/uploads\/2024\/07\/Anuario2024_CAS_web-1-1-1159x1536.jpg 1159w, https:\/\/valencianmusicoffice.com\/anuario\/wp-content\/uploads\/2024\/07\/Anuario2024_CAS_web-1-1-1545x2048.jpg 1545w, https:\/\/valencianmusicoffice.com\/anuario\/wp-content\/uploads\/2024\/07\/Anuario2024_CAS_web-1-1-604x800.jpg 604w\" sizes=\"auto, (max-width: 1932px) 100vw, 1932px\" \/>\t\t\t\t\t\t\t\t<\/a>\n\t\t\t\t\t\t\t\t\t\t\t\t\t\t\t<\/div>\n\t\t\t\t<\/div>\n\t\t\t\t<div class=\"elementor-element elementor-element-2ad2860 elementor-widget elementor-widget-heading\" data-id=\"2ad2860\" data-element_type=\"widget\" data-widget_type=\"heading.default\">\n\t\t\t\t<div class=\"elementor-widget-container\">\n\t\t\t<h2 class=\"elementor-heading-title elementor-size-default\">Anuario 2024 de la M\u00fasica en la Comunitat Valenciana<\/h2>\t\t<\/div>\n\t\t\t\t<\/div>\n\t\t\t\t<div class=\"elementor-element elementor-element-f0acad7 elementor-align-center elementor-widget elementor-widget-button\" data-id=\"f0acad7\" data-element_type=\"widget\" data-widget_type=\"button.default\">\n\t\t\t\t<div class=\"elementor-widget-container\">\n\t\t\t\t\t<div class=\"elementor-button-wrapper\">\n\t\t\t<a href=\"https:\/\/valencianmusicoffice.com\/anuario\/wp-content\/uploads\/2024\/07\/Anuario2024_CAS_web.pdf\" target=\"_blank\" class=\"elementor-button-link elementor-button elementor-size-xs\" role=\"button\">\n\t\t\t\t\t\t<span class=\"elementor-button-content-wrapper\">\n\t\t\t\t\t\t<span class=\"elementor-button-text\">DESC\u00c0RREGA<\/span>\n\t\t<\/span>\n\t\t\t\t\t<\/a>\n\t\t<\/div>\n\t\t\t\t<\/div>\n\t\t\t\t<\/div>\n\t\t\t\t\t<\/div>\n\t\t<\/div>\n\t\t\t\t\t\t\t<\/div>\n\t\t<\/section>\n\t\t\t\t<section class=\"elementor-section elementor-top-section elementor-element elementor-element-7045acb elementor-section-boxed elementor-section-height-default elementor-section-height-default\" data-id=\"7045acb\" data-element_type=\"section\" data-settings=\"{&quot;background_background&quot;:&quot;classic&quot;}\">\n\t\t\t\t\t\t<div class=\"elementor-container elementor-column-gap-default\">\n\t\t\t\t\t<div class=\"elementor-column elementor-col-100 elementor-top-column elementor-element elementor-element-7eda59e\" data-id=\"7eda59e\" data-element_type=\"column\">\n\t\t\t<div class=\"elementor-widget-wrap elementor-element-populated\">\n\t\t\t\t\t\t\t\t<div class=\"elementor-element elementor-element-f94e0aa elementor-widget elementor-widget-spacer\" data-id=\"f94e0aa\" data-element_type=\"widget\" data-widget_type=\"spacer.default\">\n\t\t\t\t<div class=\"elementor-widget-container\">\n\t\t\t\t\t<div class=\"elementor-spacer\">\n\t\t\t<div class=\"elementor-spacer-inner\"><\/div>\n\t\t<\/div>\n\t\t\t\t<\/div>\n\t\t\t\t<\/div>\n\t\t\t\t\t<\/div>\n\t\t<\/div>\n\t\t\t\t\t\t\t<\/div>\n\t\t<\/section>\n\t\t\t\t<section class=\"elementor-section elementor-top-section elementor-element elementor-element-de0e5d2 elementor-section-boxed elementor-section-height-default elementor-section-height-default\" data-id=\"de0e5d2\" data-element_type=\"section\" data-settings=\"{&quot;background_background&quot;:&quot;classic&quot;}\">\n\t\t\t\t\t\t<div class=\"elementor-container elementor-column-gap-default\">\n\t\t\t\t\t<div class=\"elementor-column elementor-col-50 elementor-top-column elementor-element elementor-element-5a5e170\" data-id=\"5a5e170\" data-element_type=\"column\">\n\t\t\t<div class=\"elementor-widget-wrap elementor-element-populated\">\n\t\t\t\t\t\t\t\t<div class=\"elementor-element elementor-element-cce8477 elementor-widget elementor-widget-image\" data-id=\"cce8477\" data-element_type=\"widget\" data-widget_type=\"image.default\">\n\t\t\t\t<div class=\"elementor-widget-container\">\n\t\t\t\t\t\t\t\t\t\t\t\t\t\t\t\t<a href=\"https:\/\/valencianmusicoffice.com\/anuario\/wp-content\/uploads\/2023\/04\/ANUARI.pdf\" target=\"_blank\">\n\t\t\t\t\t\t\t<img loading=\"lazy\" decoding=\"async\" width=\"1932\" height=\"2560\" src=\"https:\/\/valencianmusicoffice.com\/anuario\/wp-content\/uploads\/2024\/07\/ANUARI-01-scaled.jpg\" class=\"attachment-full size-full wp-image-520\" alt=\"\" srcset=\"https:\/\/valencianmusicoffice.com\/anuario\/wp-content\/uploads\/2024\/07\/ANUARI-01-scaled.jpg 1932w, https:\/\/valencianmusicoffice.com\/anuario\/wp-content\/uploads\/2024\/07\/ANUARI-01-226x300.jpg 226w, https:\/\/valencianmusicoffice.com\/anuario\/wp-content\/uploads\/2024\/07\/ANUARI-01-773x1024.jpg 773w, https:\/\/valencianmusicoffice.com\/anuario\/wp-content\/uploads\/2024\/07\/ANUARI-01-768x1018.jpg 768w, https:\/\/valencianmusicoffice.com\/anuario\/wp-content\/uploads\/2024\/07\/ANUARI-01-1159x1536.jpg 1159w, https:\/\/valencianmusicoffice.com\/anuario\/wp-content\/uploads\/2024\/07\/ANUARI-01-1545x2048.jpg 1545w, https:\/\/valencianmusicoffice.com\/anuario\/wp-content\/uploads\/2024\/07\/ANUARI-01-604x800.jpg 604w\" sizes=\"auto, (max-width: 1932px) 100vw, 1932px\" \/>\t\t\t\t\t\t\t\t<\/a>\n\t\t\t\t\t\t\t\t\t\t\t\t\t\t\t<\/div>\n\t\t\t\t<\/div>\n\t\t\t\t<div class=\"elementor-element elementor-element-4c1ebdb elementor-widget elementor-widget-heading\" data-id=\"4c1ebdb\" data-element_type=\"widget\" data-widget_type=\"heading.default\">\n\t\t\t\t<div class=\"elementor-widget-container\">\n\t\t\t<h2 class=\"elementor-heading-title elementor-size-default\">\u201cAny Zero\u201d El Anuari de la M\u00fasica Valenciana<\/h2>\t\t<\/div>\n\t\t\t\t<\/div>\n\t\t\t\t<div class=\"elementor-element elementor-element-ca851e9 elementor-align-center elementor-widget elementor-widget-button\" data-id=\"ca851e9\" data-element_type=\"widget\" data-widget_type=\"button.default\">\n\t\t\t\t<div class=\"elementor-widget-container\">\n\t\t\t\t\t<div class=\"elementor-button-wrapper\">\n\t\t\t<a href=\"https:\/\/valencianmusicoffice.com\/anuario\/wp-content\/uploads\/2023\/04\/ANUARI.pdf\" target=\"_blank\" class=\"elementor-button-link elementor-button elementor-size-xs\" role=\"button\">\n\t\t\t\t\t\t<span class=\"elementor-button-content-wrapper\">\n\t\t\t\t\t\t<span class=\"elementor-button-text\">DESC\u00c0RREGA<\/span>\n\t\t<\/span>\n\t\t\t\t\t<\/a>\n\t\t<\/div>\n\t\t\t\t<\/div>\n\t\t\t\t<\/div>\n\t\t\t\t\t<\/div>\n\t\t<\/div>\n\t\t\t\t<div class=\"elementor-column elementor-col-50 elementor-top-column elementor-element elementor-element-2ac4045\" data-id=\"2ac4045\" data-element_type=\"column\">\n\t\t\t<div class=\"elementor-widget-wrap\">\n\t\t\t\t\t\t\t\t\t<\/div>\n\t\t<\/div>\n\t\t\t\t\t\t\t<\/div>\n\t\t<\/section>\n\t\t\t\t<section class=\"elementor-section elementor-top-section elementor-element elementor-element-e3c907a elementor-section-boxed elementor-section-height-default elementor-section-height-default\" data-id=\"e3c907a\" data-element_type=\"section\" data-settings=\"{&quot;background_background&quot;:&quot;classic&quot;}\">\n\t\t\t\t\t\t<div class=\"elementor-container elementor-column-gap-default\">\n\t\t\t\t\t<div class=\"elementor-column elementor-col-100 elementor-top-column elementor-element elementor-element-8980e3a\" data-id=\"8980e3a\" data-element_type=\"column\">\n\t\t\t<div class=\"elementor-widget-wrap elementor-element-populated\">\n\t\t\t\t\t\t\t\t<div class=\"elementor-element elementor-element-1870e0e elementor-widget elementor-widget-spacer\" data-id=\"1870e0e\" data-element_type=\"widget\" data-widget_type=\"spacer.default\">\n\t\t\t\t<div class=\"elementor-widget-container\">\n\t\t\t\t\t<div class=\"elementor-spacer\">\n\t\t\t<div class=\"elementor-spacer-inner\"><\/div>\n\t\t<\/div>\n\t\t\t\t<\/div>\n\t\t\t\t<\/div>\n\t\t\t\t\t<\/div>\n\t\t<\/div>\n\t\t\t\t\t\t\t<\/div>\n\t\t<\/section>\n\t\t\t\t\t\t\t<\/div>\n\t\t","protected":false},"excerpt":{"rendered":"<p>L&#8217;Institut Valenci\u00e0 de Cutura i la Federaci\u00f3 Valenciana de la Ind\u00fastria Musical (Fevim) creen l&#8217;Anuari de la M\u00fasica Valenciana, un anuari que recull les principals dades de la ind\u00fastria musical i que naix com a resposta a la manca d\u2019un corpus estad\u00edstic propi que permeta con\u00e9ixer en profunditat la situaci\u00f3 del sector i estructurar estrat\u00e8gies [&hellip;]<\/p>\n","protected":false},"author":1,"featured_media":0,"parent":0,"menu_order":0,"comment_status":"closed","ping_status":"closed","template":"elementor_header_footer","meta":{"footnotes":""},"class_list":["post-48","page","type-page","status-publish","hentry"],"_links":{"self":[{"href":"https:\/\/valencianmusicoffice.com\/anuario\/wp-json\/wp\/v2\/pages\/48","targetHints":{"allow":["GET"]}}],"collection":[{"href":"https:\/\/valencianmusicoffice.com\/anuario\/wp-json\/wp\/v2\/pages"}],"about":[{"href":"https:\/\/valencianmusicoffice.com\/anuario\/wp-json\/wp\/v2\/types\/page"}],"author":[{"embeddable":true,"href":"https:\/\/valencianmusicoffice.com\/anuario\/wp-json\/wp\/v2\/users\/1"}],"replies":[{"embeddable":true,"href":"https:\/\/valencianmusicoffice.com\/anuario\/wp-json\/wp\/v2\/comments?post=48"}],"version-history":[{"count":62,"href":"https:\/\/valencianmusicoffice.com\/anuario\/wp-json\/wp\/v2\/pages\/48\/revisions"}],"predecessor-version":[{"id":560,"href":"https:\/\/valencianmusicoffice.com\/anuario\/wp-json\/wp\/v2\/pages\/48\/revisions\/560"}],"wp:attachment":[{"href":"https:\/\/valencianmusicoffice.com\/anuario\/wp-json\/wp\/v2\/media?parent=48"}],"curies":[{"name":"wp","href":"https:\/\/api.w.org\/{rel}","templated":true}]}}